Suppose -3 = 5*a - 8. Let v(o) = o - o**2 - 18 - 18 + 36 + 11*o**3. Give v(a).
11
Let i(v) = -v**3 + v - 4*v**2 - 4*v**2 - 99 - v + 106. Calculate i(-8).
7
Suppose -2*f - 37 = 5*k, 5*f + 5*k - 1 = -56. Let u(y) = 3*y + 9. Let g be u(f). Let z = g - -12. Let l(q) = -q**3 + 2*q**2 + q - 4. What is l(z)?
-10
Let l(i) = i**2 + i - 1. Let g be (4/6)/((-4)/6). Let r(o) = -12*o**2 - 5*o + 5. Let j(u) = g*r(u) - 6*l(u). Let k = 4 - 3. What is j(k)?
6
Let m(i) = -2*i + 4. Let h(l) = -155*l - 265. Let f(a) = 7*a + 12. Let k(z) = -45*f(z) - 2*h(z). Let q be k(-3). What is m(q)?
-6
Suppose -4*z - w + 176 = -0*z, 4*z - 4*w - 156 = 0. Let s = z - 45. Let o(f) = -f**2. Calculate o(s).
-4
Let x = 430 + -426. Let j(u) = -u + 16. Determine j(x).
12
Let i(n) = -2*n + 8. Let q = 785 - 783. What is i(q)?
4
Let w(j) be the first derivative of j**4/2 - 2*j**3/3 - j**2 - 4*j - 37. Calculate w(3).
26
Let l(v) = 4*v - 2*v**3 + 2*v**2 - 287 - 3*v**3 + 289. Calculate l(-2).
42
Let h(j) = -3*j - 10. Let u(d) = 3*d + 11. Let n(x) = -6*h(x) - 5*u(x). Let i(f) = -5*f - 9. Let c(w) = 6*i(w) + 11*n(w). Calculate c(1).
4
Let l(w) = 7*w + 11*w + 12 - 24*w + 4*w. Determine l(9).
-6
Let b(p) = -3*p**2 + 6*p - 7. Let y(m) = -2*m**2 + 5*m - 6. Let r(a) = -3*b(a) + 4*y(a). Suppose 2*w + 12 = t + 6*w, -20 = -5*w. Determine r(t).
5
Suppose 0 = -3*q + 7 + 17. Let a be q/24 + (-32)/6. Let h(f) = -2*f + 4. Calculate h(a).
14
Let j(n) = -n + 13. Let o be j(7). Let c be (4/o)/((-3)/9). Let u = c - -5. Let i(s) = 2*s**2 - 3*s - 4. Determine i(u).
5
Suppose 2*d - 4 = -12, 0 = 3*b + 3*d - 60. Let q(o) = b*o - 18*o - 7*o - 7. Calculate q(0).
-7
Let i(m) = -6*m**2 + 0*m - 17 + 36 + 5*m - 23 + 0*m. Calculate i(3).
-43
Let h(z) = -4*z + 33. Let b be h(9). Let j(u) = -u + 1. What is j(b)?
4
Let g = 4 - 8. Let s = g + 6. Let x(m) = 3*m**2 - 8*m + 7. Let o(w) = -6*w**2 + 15*w - 13. Let a(z) = 4*o(z) + 7*x(z). Calculate a(s).
-7
Let t be (1 + -1 - 2)*-2. Suppose 6*o = 7*o - t. Suppose o*u - 5 = 5*u. Let x(p) = -p + 4. Calculate x(u).
9
Let u = -5 - -10. Suppose u*x - 15 = l, 2*l - 4*l - 9 = -3*x. Suppose o - 5*n = -3*o + 41, -x*o - 5*n - 13 = 0. Let a(j) = -j**2 + 2*j + 5. Give a(o).
-3
Let z(a) = a**3 - 6*a**2 - 2*a + 5. Let w(i) = i - 41. Let b be w(47). Determine z(b).
-7
Let g(m) = -2*m - 31. Let f(v) = -2*v + v - 19 + 3. Let p(u) = -5*f(u) + 3*g(u). What is p(0)?
-13
Let x(k) = -3*k - 52. Suppose -3*b - 32 = -b. What is x(b)?
-4
Suppose -37*c - 111 = -0*c. Let a(l) be the first derivative of -3*l**2/2 - l - 1. Calculate a(c).
8
Let d(q) = -2*q - 5. Suppose 3*r + r = 92. Let s(z) = -z**2 + 3*z + 11. Let v be s(8). Let g = r + v. Give d(g).
7
Let r(o) be the third derivative of o**4/8 - 29*o**3/6 - 3*o**2 + 9. What is r(8)?
-5
Suppose 0 = -4*v + d + 107 + 37, 3*d = 3*v - 117. Suppose -4*m = -11*m - v. Let h(x) = x**2 + 6*x + 0*x**2 + 0*x**2 + 7. Determine h(m).
2
Let x(h) = -h**3 + 14*h**2 + h - 12. Let z(m) = -m**3 + 13*m**2 + m - 11. Let r(i) = -5*x(i) + 6*z(i). Give r(8).
2
Let j(n) = 3*n**2 + 13*n + 10. Let z be j(-4). Suppose 5*i - 9 = z. Let s(v) = 1 + v + 2*v + 0. Determine s(i).
10
Let m(k) = 3*k - 16. Let y be m(6). Let z(l) = -3*l - l + 2*l - y*l. Give z(2).
-8
Let h(c) be the third derivative of 0*c + 0 - 1/24*c**4 - 12*c**2 + 1/10*c**5 + 0*c**3. Give h(1).
5
Let n = -151 - -150. Let c(d) = 19*d**2 - d - 1. Determine c(n).
19
Let f be ((-5)/2)/(18/(-36)). Suppose 0 = -6*s + f*s + 1. Let l(n) = -11*n**2 - 4*n - 3. Let x(p) = p + 1. Let m(i) = l(i) + 3*x(i). Calculate m(s).
-12
Let j = 592 - 586. Let p(f) = -7*f - 1. Let i(n) = 8*n. Let c(s) = 6*i(s) + 7*p(s). What is c(j)?
-13
Let b(k) be the second derivative of -k**5/2 - k**2/2 - 202*k. Give b(-1).
9
Let g(a) = -a + 2. Let h(s) = -s + 5. Let d = 9 + -4. Suppose -6 = 106*n - 104*n. Let o(p) = d*g(p) + n*h(p). Give o(-4).
3
Suppose 4*x + 1 = 2*x - 5*y, 0 = 5*x - y - 38. Let s(c) = -3*c + 28. What is s(x)?
7
Let z(q) = -5*q + 19. Suppose 7 - 31 = -4*a. What is z(a)?
-11
Let d(n) be the third derivative of n**4/4 + 17*n**3/6 + 117*n**2 - 1. Give d(-4).
-7
Let b(x) = -x**2 + 4*x - 3. Suppose -8*o - 126 = -29*o. Give b(o).
-15
Let r(n) = 28*n + 200. Let d be r(-7). Let w(h) = -h + 6. What is w(d)?
2
Let j = 7 - 0. Let x(a) = 4*a + 0*a + j - 4*a - a. Calculate x(0).
7
Let v be -1 + 1 - (-1 + -4). Let m = 22 + -10. Let h(x) = -12*x + m + v*x + 6*x. Calculate h(0).
12
Let g(n) = n + 1. Let x be g(-7). Let f be 7/(-84)*x - 11/2. Let k(s) = -s**2 - 2*s + 2. Calculate k(f).
-13
Let j(h) = -3*h. Let t(b) be the second derivative of b**5/20 + b**4/3 + b**3/3 + b**2 - 29*b. Let a be t(-3). What is j(a)?
-15
Let p(f) = f**3 - 5*f**2 - 6*f - 6. Suppose j = 3*h - 2*h + 5, -5 = -5*h. Give p(j).
-6
Suppose 1109 + 1465 = 6*w. Let f(s) = w - s**3 + 2*s**3 - 5*s**2 + s - 431. Suppose j - 15 = -2*j. Calculate f(j).
3
Let y(m) = 5*m - 12. Let g(a) = a**2 - 34*a + 72. Let k be g(32). Give y(k).
28
Let f(c) = 6 - 1 + 11*c - 14 + 2 + 3. What is f(4)?
40
Let u(x) = x**2 - 7*x + 5. Let h(v) = -v**3 + 7*v**2 + 5*v - 11. Let w be h(7). Suppose -34*b = -30*b - w. Give u(b).
-1
Let z(u) be the third derivative of u**9/60480 - u**8/2880 + u**6/360 - 4*u**5/15 + 2*u**2. Let n(s) be the third derivative of z(s). Calculate n(7).
2
Let x(s) = 5*s**2 - 2*s - 3. Let t(m) = 11*m**2 - 4*m - 6. Suppose 0 = -2*i - 4*p + 2*p, -4*p - 2 = 3*i. Let h(z) = i*t(z) - 5*x(z). What is h(3)?
-18
Let p(g) = -6 + 17 + g**3 + g - 2*g. Suppose -1 = 6*s - 7*s. Suppose -2 = 3*b + 2*q, -3*b = -2*b + q + s. What is p(b)?
11
Let q(w) = 9*w**2 - 21*w + 46. Let b(n) = 5*n**2 - 11*n + 25. Let m(a) = 7*b(a) - 4*q(a). What is m(6)?
-3
Suppose 6*r = 3*r + 6. Let k(d) be the first derivative of -29 + 2*d + 1/3*d**3 + 0*d**2. Calculate k(r).
6
Let n(c) = 10*c + 1. Suppose 4*i = 3*i - 4*a - 8, -21 = -3*i + 3*a. Suppose -6*g + 10*g + i = 0. What is n(g)?
-9
Let f(p) = p**2 + 4*p + 2. Suppose -2*j + 7*j - 50 = 0. Let z = -14 + j. Let g be f(z). Let b(k) = 4*k**2 - 2*k. What is b(g)?
12
Let a(v) = v**3 - 3*v**2 + v. Let b = 72 - 78. Suppose d = 2*x - 7*x + 13, -4*d + 2*x = -30. Let w = b + d. Calculate a(w).
-2
Let t(m) = -3*m**3 + 15*m**2 - 6*m. Let v(j) = -2*j**3 + 9*j**2 - 4*j. Let f(k) = -5*t(k) + 8*v(k). Give f(-3).
6
Let q(i) = 5*i**3 + 2*i + 5. Suppose 0 = 2*c - 7 + 3. Let b(s) = s**c + 8 + 2*s**3 - 4 + 5 + 4*s + 7*s**3. Let x(f) = -4*b(f) + 7*q(f). What is x(-4)?
7
Let b(z) = -5*z - 7. Let k be 15/6 + (-8)/96*-6. Determine b(k).
-22
Let c(z) = -34*z - 1. Let u be 0 + (-7 - 1 - -7). Calculate c(u).
33
Let z(m) = 11*m**2 - m. Let y(a) = 2*a**2 + 2*a - 6. Let c be y(3). Let s = -19 + c. What is z(s)?
12
Let g(i) = i**3 + 4*i**2 - 4*i - 2. Let v(j) = -65 + 143 - 10*j - 73. Let w be v(1). Determine g(w).
-7
Let t(i) = i + 5. Suppose -5*h - 419 = -4*w - 0*w, 3*w = 5*h + 418. Let c = h - -88. Calculate t(c).
10
Suppose -3*x - u + 42 = 13, 17 = 2*x + 3*u. Let v = 19 - x. Let f(n) = 4*n**2 + 18 - 11 - n**3 - v - n. Calculate f(4).
-6
Let r(a) be the third derivative of a**6/40 - a**5/60 + 365*a**2. Calculate r(1).
2
Let l(f) be the second derivative of 0 + 0*f**2 - 1/4*f**4 + 1/2*f**3 - 1/20*f**5 - f. What is l(-3)?
-9
Suppose 0 = -3*y + 31 + 32. Suppose 3 = 4*j - y. Let s(u) = -4*u + 25 - 28 + 2*u. What is s(j)?
-15
Let j(n) = -n + 7. Suppose 0 = -2*z - 10 - 28. Let s be (-4)/((-16)/z)*-4. Suppose 0 = 20*c - s*c + 6. What is j(c)?
13
Let q(g) = -42*g**3 + g**2 + 5. Let s(o) = -o**3 + 1. Let b(d) = q(d) - 6*s(d). What is b(1)?
-36
Let t(g) = -6*g**3 + 4*g**2 + 5*g + 11. Let p(d) = -d**2 - d - 2. Let b(s) = -5*p(s) - t(s). What is b(1)?
6
Let o be (45/36)/((-1)/(-4)). Suppose 5*k + o*n = 5, 5*k = k + 3*n - 17. Let f(y) = 2*y**2 + 2*y + 3 + 2*y**2 + y. Determine f(k).
13
Let k = -17 + 19. Let f(w) = 4 - 1 - 4 - w**k. Give f(2).
-5
Let j(h) = -h**3 - 82*h - 2 + 26*h - 5*h**2 + 27*h + 28*h - 1. Give j(-4).
-15
Let x(k) = -k**3 - 2*k**2 - k - 1. Let f(c) = -7*c**3 - 3*c**2 - 2*c - 3. Let y(s) = f(s) - 2*x(s). Determine y(-1).
5
Suppose 6 = -4*z - 6. Let a be 3*z/(-6)*-2. Let k(t) = t + 2. Calculate k(a).
-1
Suppose 31*i - 68 = 4*w + 26*i, -34 = 2*w - 5*i. Let j(m) = -m**3 - 16*m**2 + 15*m - 40. Give j(w).
-6
Let q(g) be the second derivative of -g**3 + 5/2*g**2 + 5*g - 1/24*g**4 + 0. Let r(v) be the first deriva